{"id":154,"date":"2018-05-22T10:20:30","date_gmt":"2018-05-22T08:20:30","guid":{"rendered":"https:\/\/www.ctst.de\/ctst\/?page_id=154"},"modified":"2018-05-28T09:40:31","modified_gmt":"2018-05-28T07:40:31","slug":"datenschutzerklaerung","status":"publish","type":"page","link":"https:\/\/www.ctst.de\/ctst\/datenschutzerklaerung\/","title":{"rendered":"Datenschutzerkl\u00e4rung"},"content":{"rendered":"<h3>Grundlegendes<\/h3>\n<p>Diese Datenschutzerkl\u00e4rung soll die Nutzer dieser Website \u00fcber die Art, den Umfang und den Zweck der Erhebung und Verwendung personenbezogener Daten durch den Websitebetreiber<br \/>\nCTST Inh. Daniel Wehner<br \/>\nSpitalstr. 33-35<br \/>\n04860 Torgau Deutschland<br \/>\ninformieren.<\/p>\n<p>Der Websitebetreiber nimmt Ihren Datenschutz sehr ernst und behandelt Ihre personenbezogenen Daten vertraulich und entsprechend der gesetzlichen Vorschriften. Da durch neue Technologien und die st\u00e4ndige Weiterentwicklung dieser Webseite \u00c4nderungen an dieser Datenschutzerkl\u00e4rung vorgenommen werden k\u00f6nnen, empfehlen wir Ihnen sich die Datenschutzerkl\u00e4rung in regelm\u00e4\u00dfigen Abst\u00e4nden wieder durchzulesen.<\/p>\n<p>Definitionen der verwendeten Begriffe (z.B. \u201cpersonenbezogene Daten\u201d oder \u201cVerarbeitung\u201d) finden Sie in Art. 4 DSGVO.<\/p>\n<h3>Cookies<\/h3>\n<p>Cookies sind kleine Textdateien, welche in Ihrem Browser gespeichert werden. Diese erm\u00f6glichen uns, Ihr Erlebnis auf unserer Webseite zu verbessern, indem z.B. get\u00e4tigte Einstellungen gespeichert bleiben.<\/p>\n<p>Wenn Sie sich anmelden, werden wir einige Cookies einrichten, um Ihre Anmeldeinformationen und Anzeigeoptionen zu speichern. Anmelde-Cookies verfallen nach zwei Tagen und Cookies f\u00fcr die Anzeigeoptionen nach einem Jahr. Falls Sie bei der Anmeldung \u201eAngemeldet bleiben\u201c ausw\u00e4hlen, wird Ihre Anmeldung zwei Wochen lang aufrechterhalten. Mit der Abmeldung aus Ihrem Konto werden die Anmelde-Cookies gel\u00f6scht.<\/p>\n<p>Sie k\u00f6nnen in Ihrem Browser die Speicherung von Cookies deaktivieren. Wie dies geht, erfahren Sie unter einem dieser Links:\u00a0<a href=\"https:\/\/support.mozilla.org\/de\/kb\/cookies-erlauben-und-ablehnen\">Mozilla Firefox<\/a> <a href=\"https:\/\/support.google.com\/accounts\/answer\/61416\">Google Chrome<\/a><\/p>\n<h3>Server-Log Files<\/h3>\n<p>Wir, der Websitebetreiber bzw. Seitenprovider, erheben aufgrund unseres berechtigten Interesses (s. Art. 6 Abs. 1 lit. f. DSGVO) Daten \u00fcber Zugriffe auf die Website und speichern diese als \u201cServer-Logfiles\u201d auf dem Server der Website ab. Folgende Daten werden so protokolliert:<\/p>\n<ul>\n<li>Besuchte Website<\/li>\n<li>Uhrzeit zum Zeitpunkt des Zugriffes<\/li>\n<li>Menge der gesendeten Daten in Byte<\/li>\n<li>Quelle\/Verweis, von welchem Sie auf die Seite gelangten<\/li>\n<li>Verwendeter Browser<\/li>\n<li>Verwendetes Betriebssystem<\/li>\n<li>Anonymisierte IP-Adresse<\/li>\n<\/ul>\n<p>Die Server-Logfiles werden f\u00fcr maximal 9 Wochen gespeichert und anschlie\u00dfend gel\u00f6scht. Die Speicherung der Daten erfolgt aus Sicherheitsgr\u00fcnden, um z. B. Missbrauchsf\u00e4lle aufkl\u00e4ren zu k\u00f6nnen. M\u00fcssen Daten aus Beweisgr\u00fcnden aufgehoben werden, sind sie solange von der L\u00f6schung ausgenommen bis der Vorfall endg\u00fcltig gekl\u00e4rt ist.<\/p>\n<h3>Erfassung und Verarbeitung personenbezogener Daten<\/h3>\n<p>Der Websitebetreiber erhebt, nutzt und gibt Ihre personenbezogenen Daten nur dann weiter, wenn dies im gesetzlichen Rahmen erlaubt ist oder Sie in die Datenerhebung einwilligen.<\/p>\n<p>Als personenbezogene Daten gelten s\u00e4mtliche Informationen, welche dazu dienen, Ihre Person zu bestimmen und welche zu Ihnen zur\u00fcckverfolgt werden k\u00f6nnen \u2013 also beispielsweise Ihr Name, Ihre E-Mail-Adresse und Telefonnummer.<\/p>\n<p>Diese Website k\u00f6nnen Sie auch besuchen, ohne Angaben zu Ihrer Person zu machen. Zur Verbesserung unseres Online-Angebotes speichern wir jedoch (ohne Personenbezug) Ihre Zugriffsdaten auf diese Website. Zu diesen Zugriffsdaten geh\u00f6ren z. B. die von Ihnen angeforderte Datei oder der Name Ihres Internet-Providers. Durch die Anonymisierung der Daten sind R\u00fcckschl\u00fcsse auf Ihre Person nicht m\u00f6glich<\/p>\n<h3>Eingebettete Inhalte von anderen Websites<\/h3>\n<p>Beitr\u00e4ge auf dieser Website k\u00f6nnen eingebettete Inhalte beinhalten (z.\u00a0B. Videos, Bilder, Beitr\u00e4ge etc.). Eingebettete Inhalte von anderen Websites verhalten sich exakt so, als ob der Besucher die andere Website besucht h\u00e4tte.<\/p>\n<p>Diese Websites k\u00f6nnen Daten \u00fcber Sie sammeln, Cookies benutzen, zus\u00e4tzliche Tracking-Dienste von Dritten einbetten und Ihre Interaktion mit diesem eingebetteten Inhalt aufzeichnen, inklusive Ihrer Interaktion mit dem eingebetteten Inhalt, falls Sie ein Konto haben und auf dieser Website angemeldet sind.<\/p>\n<h3>Wie wir Ihre Daten sch\u00fctzen<\/h3>\n<p>Alle Anfragen an unseren Server werden verschl\u00fcsselt \u00fcbertragen. Dies erkennen Sie an einer gr\u00fcnen Markierung in der Adresszeile Ihres Browsers.<\/p>\n<h3>Rechte des Nutzers<\/h3>\n<p>Sie haben als Nutzer das Recht, auf Antrag eine kostenlose Auskunft dar\u00fcber zu erhalten, welche personenbezogenen Daten \u00fcber Sie gespeichert wurden. Sie haben au\u00dferdem das Recht auf Berichtigung falscher Daten und auf die Verarbeitungseinschr\u00e4nkung oder L\u00f6schung Ihrer personenbezogenen Daten. Falls zutreffend, k\u00f6nnen Sie auch Ihr Recht auf Datenportabilit\u00e4t geltend machen. Sollten Sie annehmen, dass Ihre Daten unrechtm\u00e4\u00dfig verarbeitet wurden, k\u00f6nnen Sie eine Beschwerde bei der zust\u00e4ndigen Aufsichtsbeh\u00f6rde einreichen.<\/p>\n<h3>L\u00f6schung von Daten<\/h3>\n<p>Sofern Ihr Wunsch nicht mit einer gesetzlichen Pflicht zur Aufbewahrung von Daten (z. B. Vorratsdatenspeicherung) kollidiert, haben Sie ein Anrecht auf L\u00f6schung Ihrer Daten. Von uns gespeicherte Daten werden, sollten sie f\u00fcr ihre Zweckbestimmung nicht mehr vonn\u00f6ten sein und es keine gesetzlichen Aufbewahrungsfristen geben, gel\u00f6scht. Falls eine L\u00f6schung nicht durchgef\u00fchrt werden kann, da die Daten f\u00fcr zul\u00e4ssige gesetzliche Zwecke erforderlich sind, erfolgt eine Einschr\u00e4nkung der Datenverarbeitung. In diesem Fall werden die Daten gesperrt und nicht f\u00fcr andere Zwecke verarbeitet.<\/p>\n<h3>Widerspruchsrecht<\/h3>\n<p>Nutzer dieser Webseite k\u00f6nnen von ihrem Widerspruchsrecht Gebrauch machen und der Verarbeitung ihrer personenbezogenen Daten zu jeder Zeit widersprechen.<\/p>\n<p>Wenn Sie eine Berichtigung, Sperrung, L\u00f6schung oder Auskunft \u00fcber die zu Ihrer Person gespeicherten personenbezogenen Daten w\u00fcnschen oder Fragen bzgl. der Erhebung, Verarbeitung oder Verwendung Ihrer personenbezogenen Daten haben oder erteilte Einwilligungen widerrufen m\u00f6chten, wenden Sie sich bitte an folgende E-Mail-Adresse: info@ctst.de<\/p>\n","protected":false},"excerpt":{"rendered":"<p>Grundlegendes Diese Datenschutzerkl\u00e4rung soll die Nutzer dieser Website \u00fcber die Art, den Umfang und den Zweck der Erhebung und Verwendung personenbezogener Daten durch den Websitebetreiber CTST Inh. Daniel Wehner Spitalstr. 33-35 04860 Torgau Deutschland informieren. Der Websitebetreiber nimmt Ihren Datenschutz<\/p>\n","protected":false},"author":1,"featured_media":0,"parent":0,"menu_order":0,"comment_status":"closed","ping_status":"closed","template":"","meta":{"footnotes":""},"yoast_head":"<!-- This site is optimized with the Yoast SEO plugin v21.9.1 - https:\/\/yoast.com\/wordpress\/plugins\/seo\/ -->\n<title>Datenschutzerkl\u00e4rung - CTST - Ihr Partner in Sachen Computer &amp; Telekommunikation<\/title>\n<meta name=\"robots\" content=\"noindex, follow\" \/>\n<meta property=\"og:locale\" content=\"de_DE\" \/>\n<meta property=\"og:type\" content=\"article\" \/>\n<meta property=\"og:title\" content=\"Datenschutzerkl\u00e4rung - CTST - Ihr Partner in Sachen Computer &amp; Telekommunikation\" \/>\n<meta property=\"og:description\" content=\"Grundlegendes Diese Datenschutzerkl\u00e4rung soll die Nutzer dieser Website \u00fcber die Art, den Umfang und den Zweck der Erhebung und Verwendung personenbezogener Daten durch den Websitebetreiber CTST Inh. Daniel Wehner Spitalstr. 33-35 04860 Torgau Deutschland informieren. Der Websitebetreiber nimmt Ihren Datenschutz\" \/>\n<meta property=\"og:url\" content=\"https:\/\/www.ctst.de\/ctst\/datenschutzerklaerung\/\" \/>\n<meta property=\"og:site_name\" content=\"CTST - Ihr Partner in Sachen Computer &amp; Telekommunikation\" \/>\n<meta property=\"article:modified_time\" content=\"2018-05-28T07:40:31+00:00\" \/>\n<meta name=\"twitter:card\" content=\"summary_large_image\" \/>\n<meta name=\"twitter:label1\" content=\"Gesch\u00e4tzte Lesezeit\" \/>\n\t<meta name=\"twitter:data1\" content=\"4\u00a0Minuten\" \/>\n<script type=\"application\/ld+json\" class=\"yoast-schema-graph\">{\"@context\":\"https:\/\/schema.org\",\"@graph\":[{\"@type\":\"WebPage\",\"@id\":\"https:\/\/www.ctst.de\/ctst\/datenschutzerklaerung\/\",\"url\":\"https:\/\/www.ctst.de\/ctst\/datenschutzerklaerung\/\",\"name\":\"Datenschutzerkl\u00e4rung - CTST - Ihr Partner in Sachen Computer &amp; Telekommunikation\",\"isPartOf\":{\"@id\":\"https:\/\/www.ctst.de\/ctst\/#website\"},\"datePublished\":\"2018-05-22T08:20:30+00:00\",\"dateModified\":\"2018-05-28T07:40:31+00:00\",\"breadcrumb\":{\"@id\":\"https:\/\/www.ctst.de\/ctst\/datenschutzerklaerung\/#breadcrumb\"},\"inLanguage\":\"de\",\"potentialAction\":[{\"@type\":\"ReadAction\",\"target\":[\"https:\/\/www.ctst.de\/ctst\/datenschutzerklaerung\/\"]}]},{\"@type\":\"BreadcrumbList\",\"@id\":\"https:\/\/www.ctst.de\/ctst\/datenschutzerklaerung\/#breadcrumb\",\"itemListElement\":[{\"@type\":\"ListItem\",\"position\":1,\"name\":\"Startseite\",\"item\":\"https:\/\/www.ctst.de\/ctst\/\"},{\"@type\":\"ListItem\",\"position\":2,\"name\":\"Datenschutzerkl\u00e4rung\"}]},{\"@type\":\"WebSite\",\"@id\":\"https:\/\/www.ctst.de\/ctst\/#website\",\"url\":\"https:\/\/www.ctst.de\/ctst\/\",\"name\":\"CTST - Ihr Partner in Sachen Computer &amp; Telekommunikation\",\"description\":\"\",\"publisher\":{\"@id\":\"https:\/\/www.ctst.de\/ctst\/#organization\"},\"potentialAction\":[{\"@type\":\"SearchAction\",\"target\":{\"@type\":\"EntryPoint\",\"urlTemplate\":\"https:\/\/www.ctst.de\/ctst\/?s={search_term_string}\"},\"query-input\":\"required name=search_term_string\"}],\"inLanguage\":\"de\"},{\"@type\":\"Organization\",\"@id\":\"https:\/\/www.ctst.de\/ctst\/#organization\",\"name\":\"CTST Inh. Daniel Wehner\",\"url\":\"https:\/\/www.ctst.de\/ctst\/\",\"logo\":{\"@type\":\"ImageObject\",\"inLanguage\":\"de\",\"@id\":\"https:\/\/www.ctst.de\/ctst\/#\/schema\/logo\/image\/\",\"url\":\"https:\/\/www.ctst.de\/ctst\/wp-content\/uploads\/2017\/02\/CTSTlogo_text.jpg\",\"contentUrl\":\"https:\/\/www.ctst.de\/ctst\/wp-content\/uploads\/2017\/02\/CTSTlogo_text.jpg\",\"width\":226,\"height\":236,\"caption\":\"CTST Inh. Daniel Wehner\"},\"image\":{\"@id\":\"https:\/\/www.ctst.de\/ctst\/#\/schema\/logo\/image\/\"}}]}<\/script>\n<!-- \/ Yoast SEO plugin. -->","yoast_head_json":{"title":"Datenschutzerkl\u00e4rung - CTST - Ihr Partner in Sachen Computer &amp; Telekommunikation","robots":{"index":"noindex","follow":"follow"},"og_locale":"de_DE","og_type":"article","og_title":"Datenschutzerkl\u00e4rung - CTST - Ihr Partner in Sachen Computer &amp; Telekommunikation","og_description":"Grundlegendes Diese Datenschutzerkl\u00e4rung soll die Nutzer dieser Website \u00fcber die Art, den Umfang und den Zweck der Erhebung und Verwendung personenbezogener Daten durch den Websitebetreiber CTST Inh. Daniel Wehner Spitalstr. 33-35 04860 Torgau Deutschland informieren. Der Websitebetreiber nimmt Ihren Datenschutz","og_url":"https:\/\/www.ctst.de\/ctst\/datenschutzerklaerung\/","og_site_name":"CTST - Ihr Partner in Sachen Computer &amp; Telekommunikation","article_modified_time":"2018-05-28T07:40:31+00:00","twitter_card":"summary_large_image","twitter_misc":{"Gesch\u00e4tzte Lesezeit":"4\u00a0Minuten"},"schema":{"@context":"https:\/\/schema.org","@graph":[{"@type":"WebPage","@id":"https:\/\/www.ctst.de\/ctst\/datenschutzerklaerung\/","url":"https:\/\/www.ctst.de\/ctst\/datenschutzerklaerung\/","name":"Datenschutzerkl\u00e4rung - CTST - Ihr Partner in Sachen Computer &amp; Telekommunikation","isPartOf":{"@id":"https:\/\/www.ctst.de\/ctst\/#website"},"datePublished":"2018-05-22T08:20:30+00:00","dateModified":"2018-05-28T07:40:31+00:00","breadcrumb":{"@id":"https:\/\/www.ctst.de\/ctst\/datenschutzerklaerung\/#breadcrumb"},"inLanguage":"de","potentialAction":[{"@type":"ReadAction","target":["https:\/\/www.ctst.de\/ctst\/datenschutzerklaerung\/"]}]},{"@type":"BreadcrumbList","@id":"https:\/\/www.ctst.de\/ctst\/datenschutzerklaerung\/#breadcrumb","itemListElement":[{"@type":"ListItem","position":1,"name":"Startseite","item":"https:\/\/www.ctst.de\/ctst\/"},{"@type":"ListItem","position":2,"name":"Datenschutzerkl\u00e4rung"}]},{"@type":"WebSite","@id":"https:\/\/www.ctst.de\/ctst\/#website","url":"https:\/\/www.ctst.de\/ctst\/","name":"CTST - Ihr Partner in Sachen Computer &amp; Telekommunikation","description":"","publisher":{"@id":"https:\/\/www.ctst.de\/ctst\/#organization"},"potentialAction":[{"@type":"SearchAction","target":{"@type":"EntryPoint","urlTemplate":"https:\/\/www.ctst.de\/ctst\/?s={search_term_string}"},"query-input":"required name=search_term_string"}],"inLanguage":"de"},{"@type":"Organization","@id":"https:\/\/www.ctst.de\/ctst\/#organization","name":"CTST Inh. Daniel Wehner","url":"https:\/\/www.ctst.de\/ctst\/","logo":{"@type":"ImageObject","inLanguage":"de","@id":"https:\/\/www.ctst.de\/ctst\/#\/schema\/logo\/image\/","url":"https:\/\/www.ctst.de\/ctst\/wp-content\/uploads\/2017\/02\/CTSTlogo_text.jpg","contentUrl":"https:\/\/www.ctst.de\/ctst\/wp-content\/uploads\/2017\/02\/CTSTlogo_text.jpg","width":226,"height":236,"caption":"CTST Inh. Daniel Wehner"},"image":{"@id":"https:\/\/www.ctst.de\/ctst\/#\/schema\/logo\/image\/"}}]}},"_links":{"self":[{"href":"https:\/\/www.ctst.de\/ctst\/wp-json\/wp\/v2\/pages\/154"}],"collection":[{"href":"https:\/\/www.ctst.de\/ctst\/wp-json\/wp\/v2\/pages"}],"about":[{"href":"https:\/\/www.ctst.de\/ctst\/wp-json\/wp\/v2\/types\/page"}],"author":[{"embeddable":true,"href":"https:\/\/www.ctst.de\/ctst\/wp-json\/wp\/v2\/users\/1"}],"replies":[{"embeddable":true,"href":"https:\/\/www.ctst.de\/ctst\/wp-json\/wp\/v2\/comments?post=154"}],"version-history":[{"count":0,"href":"https:\/\/www.ctst.de\/ctst\/wp-json\/wp\/v2\/pages\/154\/revisions"}],"wp:attachment":[{"href":"https:\/\/www.ctst.de\/ctst\/wp-json\/wp\/v2\/media?parent=154"}],"curies":[{"name":"wp","href":"https:\/\/api.w.org\/{rel}","templated":true}]}}